= -5*d, -5 = -4*d - 3*j - 4. Let m be (0 - d)*(4 + -4). Let b(y) = -y**2 - y**3 + 9*y + m*y + 7*y**2 - y - 4. Give b(7).
3
Suppose 11*n + 45 - 155 = 0. Let l(o) = -3 + 19 + 2*o**2 - n + 2*o - 9 - 2*o**3. Give l(2).
-7
Let r(t) = -22*t**2 - 123*t - 650. Let h(u) = 3*u**2 + 18*u + 93. Let s(i) = -15*h(i) - 2*r(i). Determine s(-19).
0
Suppose -497 = -183*b + 1516. Let p(f) = -f**2 + 8*f - 11. Give p(b).
-44
Let d(k) be the second derivative of -1 + 0*k**2 + 4/3*k**3 + 23*k - 1/12*k**4. What is d(9)?
-9
Let p(o) = o**2 + 5*o - 4. Suppose -5*y = j, 2*y + 2*y = 0. Suppose 4*a + 3 = 7*a. Suppose 3*i + 2 + a = -2*t, j = -5*t + i - 33. Give p(t).
2
Let s(b) = -234*b**2 - 2*b + 1 + 6*b - b**3 + 232*b**2 - 3*b. Let m = -6 + 3. Let r be s(m). Let a(z) = -z**2 + 5*z + 10. What is a(r)?
-4
Let m = 1009 + -1006. Let a(k) = -6*k - 4. Calculate a(m).
-22
Let h be 17*276/4301 - (-2)/(-22). Let r(c) = -1 + 0 - 15*c + 2. What is r(h)?
-14
Let n = -934 - -912. Let l(z) = -z - 15. Determine l(n).
7
Let p(t) = -4*t - 4. Let c(s) = s**3 + 8*s**2 + 6*s - 10. Suppose 13*m = 2*b + 14*m + 17, -5 = -b + 4*m. Let h be c(b). What is p(h)?
8
Let q(a) = 3 - 7*a**2 + 7*a**2 - 1 - a**2. Suppose 0 = -8*x + 2*x - 18. Calculate q(x).
-7
Let k be 8 + -4 + -8 + 8/2. Let z be (21/12)/(5/20). Let g(l) = 5*l + 6. Let o(s) = -2*s - 3. Let c(p) = z*o(p) + 3*g(p). Determine c(k).
-3
Let b(x) = x**3 + 3*x**2 - 10*x. Let q be b(-5). Let c be q/((-8 + 9)*(1 - 0)). Let w be (2 + -5 + 4)/(1 + c). Let k(g) = -4*g + 1. Give k(w).
-3
Let l(k) = -k**2 - 13*k - 13. Let r be l(-2). Let h(y) = -2*y**3 + 17*y**2 + 7*y - 26. Give h(r).
-44
Let i(x) = -67*x - 1741. Let h be i(-26). Let g(n) = -5*n**2 + 4*n - 5. Give g(h).
-6
Let x(i) = -i**2 - 2*i - 3. Let d be 10/3 - -2*1/(-6). Let t = 19 + d. Let y = -26 + t. Give x(y).
-11
Let j(h) = h - 14. Let l(v) = -v + 14. Let o = -98 + 100. Let q(y) = o*j(y) + 3*l(y). Determine q(0).
14
Let f(y) be the second derivative of -y**5/20 + 13*y**4/6 - y**3/3 + 55*y**2/2 + 85*y + 7. What is f(26)?
3
Let m(i) = -9*i**3 - 9*i**2 + 9*i + 7. Let p(c) = 16*c**3 + 15*c**2 - 17*c - 12. Let t(q) = 7*m(q) + 4*p(q). Determine t(4).
-3
Let d(s) = -s**3 + 44*s**2 - 45*s + 84. Let t(p) = -61*p - 79. Let v be t(-2). Calculate d(v).
-2
Let p be (-176)/(-112) - 3/(-7) - -7. Let c(s) = -s**2 - 4*s + 108. Let m be c(p). Let b(x) = x + 4. What is b(m)?
-5
Suppose 66*s + 540 - 36 + 90 = 0. Let g(o) = o**3 + 8*o**2 - 5*o + 43. Calculate g(s).
7
Let s(v) = -9*v + 4. Let w(l) = -2*l**2 - 4*l + 59. Let d be w(-6). Let b(u) = -16*u + 7. Let x(m) = d*s(m) - 6*b(m). Give x(2).
-4
Suppose -504 = 13*j - 257. Let d(a) = -9*a - 192. Determine d(j).
-21
Let a(l) = -l**3 - 3*l**2 - 9*l + 15. Let t be a(-7). Let s = -275 + t. Let z(x) = -38*x**3 + x. Give z(s).
37
Let w(c) = 3*c - 16. Suppose 7 = -12*i + 379. Suppose 56 = i*k - 192. What is w(k)?
8
Let m(u) be the first derivative of -3*u**2 - 1/3*u**3 + 3*u + 74. Give m(-5).
8
Let t(m) = -m**3 - 7*m**2 - 10*m + 7. Suppose 9*h + 32 + 13 = 0. Give t(h).
7
Let b(u) = -25*u**2 + 4*u + 6. Let q(o) = -26*o**2 - o + 1. Let f(c) = -b(c) + q(c). Give f(-3).
1
Suppose 685*l - 698*l = -130. Let f(u) = -1 - 1 - 3*u**2 - 10*u + 4*u**2. What is f(l)?
-2
Suppose -14*r + 2 = -13*r + u, 7*r - 3*u + 36 = 0. Let w(b) = -6*b - 3. Let l(n) = 11*n + 7. Let v(q) = 4*l(q) + 9*w(q). Calculate v(r).
31
Let w(u) be the first derivative of -u**4/4 - 2*u**3/3 + u**2 - u - 4072. Suppose -5*v = -2*h - 16, 2*h + 5*v - 2 = v. Calculate w(h).
2
Let g(r) = -r**3 + 4*r**2 + r + 2. Let q be g(4). Suppose -5*i - 20 = 2*b, 0 = 12*b - 16*b - 2*i - 8. Let k(t) = b*t - 4 + 10*t - 9*t. What is k(q)?
2
Let d(h) be the third derivative of h**6/120 + 3*h**5/20 - 11*h**4/24 - 5*h**3/6 + 204*h**2. Let i = 9 + -19. What is d(i)?
5
Let r(k) = 2821*k - 2814*k - 267 + 60. Give r(31).
10
Let o(s) be the second derivative of -1/20*s**5 + s**2 + 2*s**3 + s**4 + 128*s + 0. Calculate o(13).
-11
Let z(d) = -3*d - 1. Suppose -6*h = -h - 2*f + 15, -4*h + f = 12. Let t(j) = -4*j**2 - 2*j + 3. Let g be t(h). Let i = g + 28. What is z(i)?
-4
Suppose 2503 - 127 = 8*o. Let x = 289 - o. Let s(k) = -12 + 3 + 0 - k. Calculate s(x).
-1
Suppose -117 + 242 = -86*h - 133. Let u(q) = -3*q - 3 + 1 + 4*q. Determine u(h).
-5
Let m(p) = 3*p**2 - 3*p + 20. Let r(v) = 29*v**2 - 28*v + 182. Let c(z) = 19*m(z) - 2*r(z). Give c(0).
16
Suppose 169 - 1105 = 26*n. Let z(r) = 2*r**3 + 71*r**2 - 37*r - 37. Let x be z(n). Let g(o) = -3*o**3 - o**2 - o. What is g(x)?
3
Let h(l) = -l**2 - 7*l + 1. Let y = 78 + -51. Let u = -25 + y. Suppose 5*i + u = -33. Determine h(i).
1
Let n be (-280)/(-16) - 5/2. Suppose -n*w - 60 = 5*w. Let h(i) = i**3 + 3*i**2 + i - 3. Give h(w).
-6
Let z(h) = 2*h**3 - 9*h**2 - 7*h - 14. Let g = 212 + -207. What is z(g)?
-24
Let q(u) = -u + 6. Let d(s) = -s + 13. Let i(c) = -d(c) + 2*q(c). Suppose 2*j + 136 - 122 = 0. Determine i(j).
6
Let t = -1 + 1. Let s(h) be the first derivative of h**3/3 - h - 2503. Let v be s(t). Let w(d) = d + 1. Give w(v).
0
Let u(z) be the third derivative of -z**6/120 + z**5/10 - z**4/12 + z**3 - 5*z**2 - 273*z. Give u(4).
30
Suppose 2*z = -2*k - 18 + 20, -5*k + 2*z = 37. Let q(u) be the third derivative of u**6/120 + u**5/12 + u**4/24 + u**3 + 8*u**2. Calculate q(k).
1
Let a(u) = u**3 + 21*u**2 + u - 1. Let n(h) = -3*h**3 - 84*h**2 - 38*h + 14. Let p(g) = 4*a(g) + n(g). Determine p(-6).
-2
Let f(w) = -w**2 - w + 6. Let s(d) = d**2 + d - 5. Let q(n) = 3*f(n) + 4*s(n). Let b be (3*-2)/((-9)/54*9). What is q(b)?
18
Let r(n) = -17*n**3 + 7*n**2 + 7*n - 21. Let f(k) = 31*k**3 - 14*k**2 - 14*k + 41. Let z(j) = -6*f(j) - 11*r(j). Determine z(-5).
0
Let t(m) = 8*m + 6. Suppose 38*z = 34*z + 3*v + 7, -2*z + v = -1. Calculate t(z).
-10
Let c(m) be the first derivative of m**2/2 - 3*m - 38. Let y be (-232)/(-406) + 62/14. What is c(y)?
2
Let k(l) be the third derivative of l**6/120 - l**5/60 - l**4/8 + l**3/3 + 15*l**2 + 20*l. What is k(2)?
0
Let r be (-506)/(-92) - (-14)/4. Suppose r*t + 15 = -30. Let a(d) = -3*d. Give a(t).
15
Let s(c) = 3*c**2 + 19*c - 15. Let k(i) = 4*i**2 + 28*i - 23. Let x(w) = 5*k(w) - 7*s(w). Let u = 189 - 187. Let h be (-14)/(-3)*12/16*u. Calculate x(h).
-10
Suppose -h - 5*r + 8*r - 2 = 0, 0 = 4*h + 3*r - 67. Let j(v) = h*v - 27*v + 2 + 15*v. Determine j(-11).
-9
Let d(j) = j**3 - 11*j**2 + 21*j - 30. Let l be d(9). Let m(p) = -p - 1. Let a(z) = z**2 - 6*z - 13. Let x(r) = -a(r) + 5*m(r). What is x(l)?
-4
Suppose 1018 = -264*f + 231 - 269. Let w(c) = -5*c**2 - 17*c - 3. Calculate w(f).
-15
Suppose 5*o = -106 - 264. Let j = 70 + o. Let d(h) = 3 + 1 + 2*h - 4*h + 0. Determine d(j).
12
Suppose -22 = 81*x - 79*x. Let k = -7 - x. Let w(y) = y**2 - 6*y + 3. Calculate w(k).
-5
Let t(n) = 2*n**3 - 3*n**2 - n - 1. Let m(l) = -19*l**3 + 35*l**2 + 23*l + 62. Let x(u) = -m(u) - 9*t(u). What is x(10)?
7
Let x(k) be the third derivative of 0*k**3 - 2*k**2 + 0*k + 0 + 7/24*k**4. Let b = -74 - -73. What is x(b)?
-7
Let b(g) = 1 - 6 + 3 - 2*g**2. Suppose 17262 = -11*n + 17240. What is b(n)?
-10
Let d(q) = q**2 + 4*q - 3. Suppose m - 114 + 87 = 0. Suppose -m*s = 17 - 71. What is d(s)?
9
Suppose 4*j = -20, 2226 = -3*w + 5*j - 86. Let m = w + 762. Let f(y) = -y**2 - 18*y - 9. Determine f(m).
8
Let a(i) = i + 18. Suppose -5*h = -2*u, 2*h + 15 = u + 7*h. Let x(p) = -17. Let c(g) = u*x(g) + 4*a(g). What is c(4)?
3
Let h(v) = 24 + 34*v**2 - 12*v - 108*v**2 + 7*v**2 + 41*v**2 + 30*v**2. What is h(3)?
24
Let j(o) = -o**3 - 2*o**2 + 6*o + 1. Let p(v) = -23*v - 95. Let y be p(-4). Calculate j(y).
-8
Let l = -255 + 256. Let i(n) = 2*n + 11. Suppose 3*v - c = -2*c, -2*v + 5*c = -17. Let j(o) = o - 1. Let d(a) = l*j(a) + v*i(a). Give d(-7).
-11
Suppose m + 2*g = -3*g + 15, -3*m + 12 = 4*g. Suppose 5*d - o = -6*o + 75, m = -3*d + 3*o + 33. Let h(b) = -9*b - 11 + 3 + 21*b - d*b. What is h(-6)?
-2
Let m = 315 + -301. Suppose -m = 25*v - 114. Let k(u) = 9*u + 1. Determine k(v).
37
Let f(s) = -2*s**2 - 3*s + 2. Suppose 2*i = -3*z - 61, -4*i = -3*i - 1. Let w(d) = 3*d - 1. Let v be w(3). Let p be (12/z)/(v/(-28)). Give f(p).
-12
Let l(o) = 3*o + 36. Let s be l(-10). Suppose 3*t - 12 = 2*p + s*t, -4*p = -t + 38. Let f(w) = w + 8. What is f(p)?
-1
Suppose 0 = 41*n + 17*n - 522. Let d(f) = n*f + 2*f**3 - 6 